he units digit of 5027472?
2
What is the tens digit of 499520?
2
What is the thousands digit of 2437549?
7
What is the hundreds digit of 678999?
9
What is the units digit of 190851?
1
What is the hundreds digit of 399078?
0
What is the units digit of 114153?
3
What is the units digit of 6059419?
9
What is the tens digit of 5304224?
2
What is the ten thousands digit of 2882445?
8
What is the millions digit of 6825419?
6
What is the hundred thousands digit of 6080263?
0
What is the thousands digit of 722510?
2
What is the hundred thousands digit of 3004704?
0
What is the ten thousands digit of 1898588?
9
What is the ten thousands digit of 177382?
7
What is the millions digit of 7033324?
7
What is the hundred thousands digit of 128413?
1
What is the hundreds digit of 176955?
9
What is the units digit of 98548?
8
What is the ten thousands digit of 55690?
5
What is the units digit of 10949831?
1
What is the hundred thousands digit of 504952?
5
What is the millions digit of 3847306?
3
What is the hundred thousands digit of 268268?
2
What is the ten thousands digit of 459478?
5
What is the ten thousands digit of 13262880?
6
What is the units digit of 6502475?
5
What is the hundred thousands digit of 5192831?
1
What is the millions digit of 1137687?
1
What is the ten thousands digit of 138864?
3
What is the hundreds digit of 13300224?
2
What is the hundred thousands digit of 1008651?
0
What is the units digit of 1931792?
2
What is the thousands digit of 1306469?
6
What is the units digit of 3268643?
3
What is the ten thousands digit of 1240400?
4
What is the tens digit of 6992089?
8
What is the units digit of 2442704?
4
What is the thousands digit of 7234582?
4
What is the tens digit of 1529971?
7
What is the hundred thousands digit of 467566?
4
What is the hundreds digit of 747850?
8
What is the ten thousands digit of 1588326?
8
What is the ten thousands digit of 6124395?
2
What is the thousands digit of 96257?
6
What is the hundreds digit of 131681?
6
What is the units digit of 19928953?
3
What is the thousands digit of 32103?
2
What is the hundreds digit of 194279?
2
What is the thousands digit of 728228?
8
What is the hundreds digit of 13558006?
0
What is the hundred thousands digit of 5802249?
8
What is the thousands digit of 14487015?
7
What is the thousands digit of 14942690?
2
What is the hundred thousands digit of 285650?
2
What is the units digit of 2565164?
4
What is the thousands digit of 382416?
2
What is the ten thousands digit of 236017?
3
What is the tens digit of 842710?
1
What is the hundreds digit of 11450721?
7
What is the hundreds digit of 4935397?
3
What is the units digit of 9851068?
8
What is the thousands digit of 2059509?
9
What is the units digit of 16521609?
9
What is the hundred thousands digit of 231206?
2
What is the units digit of 4674069?
9
What is the hundreds digit of 881115?
1
What is the hundred thousands digit of 3702350?
7
What is the ten thousands digit of 5398447?
9
What is the units digit of 7946?
6
What is the ten thousands digit of 172923?
7
What is the ten thousands digit of 346901?
4
What is the thousands digit of 2835835?
5
What is the thousands digit of 27771231?
1
What is the hundred thousands digit of 3530991?
5
What is the units digit of 383771?
1
What is the units digit of 3351252?
2
What is the ten millions digit of 10697181?
1
What is the tens digit of 104699?
9
What is the ten thousands digit of 29508?
2
What is the units digit of 307350?
0
What is the tens digit of 8253410?
1
What is the tens digit of 332181?
8
What is the thousands digit of 10159062?
9
What is the ten thousands digit of 48765?
4
What is the hundred thousands digit of 8773717?
7
What is the millions digit of 27990562?
7
What is the hundred thousands digit of 1375856?
3
What is the tens digit of 668056?
5
What is the units digit of 375939?
9
What is the tens digit of 845316?
1
What is the thousands digit of 5834440?
4
What is the units digit of 193022?
2
What is the tens digit of 12159292?
9
What is the millions digit of 3218821?
3
What is the millions digit of 2115597?
2
What is the hundred thousands digit of 9385526?
3
What is the hundreds digit of 226887?
8
What is the tens digit of 1996246?
4
What is the tens digit of 166086?
8
What is the units digit of 23385501?
1
What is the ten thousands digit of 45070?
4
What is the hundred thousands digit of 811599?
8
What is the ten millions digit of 19854009?
1
What is the thousands digit of 182145?
2
What is the hundreds digit of 57383?
3
What is the tens digit of 785093?
9
What is the thousands digit of 24152?
4
What is the hundreds digit of 226236?
2
What is the ten thousands digit of 2324391?
2
What is the hundreds digit of 4786987?
9
What is the ten thousands digit of 194739?
9
What is the tens digit of 61077?
7
What is the hundreds digit of 18102849?
8
What is the millions digit of 4725797?
4
What is the ten thousands digit of 1767340?
6
What is the units digit of 1297696?
6
What is the tens digit of 2134732?
3
What is the thousands digit of 1251519?
1
What is the thousands digit of 72635?
2
What is the hundreds digit of 449678?
6
What is the hundreds digit of 439950?
9
What is the thousands digit of 77761?
7
What is the millions digit of 13780793?
3
What is the units digit of 223392?
2
What is the hundreds digit of 20606882?
8
What is the hundreds digit of 28029?
0
What is the ten thousands digit of 10973699?
7
What is the hundred thousands digit of 6786104?
7
What is the millions digit of 4700642?
4
What is the thousands digit of 514793?
4
What is the thousands digit of 2694118?
4
What is the tens digit of 431375?
7
What is the ten thousands digit of 498521?
9
What is the tens digit of 13426804?
0
What is the hundred thousands digit of 2303028?
3
What is the units digit of 783338?
8
What is the hundred thousands digit of 405677?
4
What is the hundred thousands digit of 19086373?
0
What is the units digit of 1172764?
4
What is the hundreds digit of 25626445?
4
What is the units digit of 117840?
0
What is the hundred thousands digit of 249303?
2
What is the hundreds digit of 4546727?
7
What is the millions digit of 14391077?
4
What is the hundreds digit of 133712?
7
What is the units digit of 1033784?
4
What is the units digit of 5945090?
0
What is the thousands digit of 2577537?
7
What is the ten thousands digit of 271897?
7
What is the ten thousands digit of 693660?
9
What is the thousands digit of 2606511?
6
What is the units digit of 21051179?
9
What is the thousands digit of 4260322?
0
What is the hundreds digit of 4630060?
0
What is the ten thousands digit of 11463456?
6
What is the hundreds digit of 1478801?
8
What is the hundreds digit of 312967?
9
What is the tens digit of 3139930?
3
What is the millions digit of 4722846?
4
What is the thousands digit of 8383058?
3
What is the tens digit of 631480?
8
What is the hundred thousands digit of 21761993?
7
What is the hundreds digit of 267486?
4
What is the millions digit of 2442157?
2
What is the tens digit of 16892573?
7
What is the units digit of 2385405?
5
What is the ten thousands digit of 47798?
4
What is the tens digit of 499384?
8
What is the tens digit of 212689?
8
What is the hundreds digit of 2667493?
4
What is the tens digit of 348677?
7
What is the tens digit of 103168?
6
What is the units digit of 3458706?
6
What is the hundreds digit of 15783609?
6
What is the units digit of 2671049?
9
What is the hundred thousands digit of 1451179?
4
What is the units digit of 144258?
8
What is the hundreds digit of 280970?
9
What is the ten thousands digit of 1883704?
8
What is the hundreds digit of 1892581?
5
What is the tens digit of 11480967?
6
What is the units digit of 5611976?
6
What is the hundred thousands digit of 319595?
3
What is the hundreds digit of 6353493?
4
What is the ten thousands digit of 939415?
3
What is the millions digit of 2348631?
2
What is the millions digit of 1055643?
1
What is the units digit of 2387918?
8
What is the millions digit of 3034657?
3
What is the units digit of 235070?
0
What is the thousands digit of 8530230?
0
What is the ten thousands digit of 13104448?
0
What is the thousands digit of 465521?
5
What is the ten thousands digit of 1494187?
9
What is the ten thousands digit of 250